1)?
-88
Evaluate (-84 - -136 - 83) + 51.
20
Calculate 27 + (45 - 40 - (0 + 112)).
-80
What is -168 + 193 + (7 - 17) - (-16 + 0)?
31
What is the value of 9 + -18 + -83 - (-29 + -5)?
-58
(-3 + 5 - (3 + -8 + -5 + 9)) + -9
-6
What is -24 + (-5 - (-10 + -6)) + 38 + (5 - 3)?
27
Calculate 139 + -160 - (-3 + 2) - -30.
10
What is -107 - (-69 + 53) - -111?
20
0 - (1 + 0) - (5 - 28 - (777 - 786))
13
424 + -536 + (214 - 6)
96
What is 36 + (54 - 5 - 116)?
-31
What is (3 - 7 - -40) + 9 + -18 + 8 + -10?
25
What is the value of -1839 + 1764 + 144 + -2?
67
What is 0 + -15 + (-890 - -961) + (0 - 20)?
36
Calculate (-44 - -40) + (-2 - -19) + (21 + -16 - 10).
8
What is the value of 61 + (-41 - 0) + (-7 - -30)?
43
Calculate -4 + 0 + ((93 - 195) + 88 - (-62 - 0)).
44
What is 89 + ((-6 - -26) + (-21 - 1) - -12)?
99
Calculate -3 - -2 - (-1 + 1 + -38 - (-12267 - -12275)).
45
What is the value of -60 + 54 + -124 + 100?
-30
Calculate -6 + 10 + (12 - -3) - 22.
-3
What is the value of (0 + -2 - 13) + (104 - 350) + 184?
-77
What is (-72 - (37 - 63)) + 2 + 0 + 13?
-31
What is the value of (47 - 2) + 6 + (-15 - -5 - 6 - -6)?
41
Evaluate (15 - 5) + -10 + (16 - 9) + 2.
9
What is the value of -11 + 72 + -47 + 31?
45
-2 + 26 - (-2508 - -2626) - (-7 - (2 + 0))
-85
Calculate (0 - -139) + (75 - 87) + 17 + -1.
143
Calculate -2 - (-4 - -4) - (8 + (-4 - 11) - -11).
-6
3 + (-6 - (18 - (55 + 4)))
38
-6 + 8 + 18 + -10 - 11
-1
What is (-1 - 1 - 6) + -1841 + 1884?
35
29 - -2 - (-37 + (12 - -36))
20
Calculate -45 - -27 - -135 - 89.
28
Evaluate -44 + 52 + (-34 - (-1 - -3)) + 2 + 8.
-18
What is -14 - (11 - (-21 - (-12 + 5)))?
-39
Calculate (-4 - (14 + -16)) + -2 + (15 - 0).
11
What is the value of 1 + ((-16 - (-21 - -37)) + 22 - (-48 + 2))?
37
(-21 + 1 - (19 - 31)) + -37
-45
What is the value of -7 + (-7 - (-16 - (-1 + -3))) + 3 + 19?
20
What is the value of (-30 - -50 - 18) + 6 - 1?
7
Evaluate 0 - ((42 - 8) + 36).
-70
Calculate 19 - 0 - 32 - -27.
14
Calculate -40 + -33 + (-7 - 14) + 14.
-80
What is the value of 18 + (125 - 78) - -36?
101
What is 21 - (-55 - -60) - (-7 - 6)?
29
Calculate 2393 + -2379 + (0 + -61 - 1).
-48
-56 + 54 + 114 - 54
58
Evaluate 1 + -36 + 3 + 370 + -378.
-40
Evaluate (-6 - 3 - (2 + -5)) + 80 + 1 + -133.
-58
What is -33 + (5 - 15) + (321 - 316)?
-38
Calculate (-6 - (-29 + 21)) + -54.
-52
What is (-50 - -5) + (34 + -14 - 29)?
-54
Calculate 83 - 112 - 87 - (-19 - 2).
-95
Calculate 14 + 2 + -4 + (35 - (-113 - -141)).
19
Evaluate 9 - (-2 + (-11 + (4 - 4) - -102) + 13).
-93
Calculate -4 + -3 + (3 - 3) + -32 + 48 + -12.
-3
Evaluate (-65 - -117) + 7 + -16.
43
Calculate -25 - (-94 - (11 + -63)).
17
Evaluate -9158 - -9132 - (0 + (-14 - 1)).
-11
What is the value of 46 - ((-14 + 80 - 73) + (-10 - -1))?
62
Calculate 8 + -6 + -10 + (6 - (5 + -1) - -97).
91
(-135 - (-47 - 29)) + 120
61
4 - (38 - -19 - 92)
39
Calculate 10 + -47 + 56 + -8 + 3.
14
Evaluate -3 - -5 - -1 - 2 - (-716 + 711).
6
5 + (16 - (35 + (4 - 19)))
1
Evaluate -19 - -1 - (-12 - (22 - 12)).
4
Evaluate (-23 - -6) + 0 + (-5 - (75 + -55)).
-42
-37 + 44 + (9 - 16) + (-7 - (-3 + -4))
0
Evaluate -110 - (82 + 24 - 176).
-40
-7 - (-6 + (-5 - -4) + (10 - (0 + -1)))
-11
What is -13 + 50 + -42 + 89?
84
What is the value of -54 + (60 + 22 - 23)?
5
Evaluate -45 + 0 + (45 - (64 - 31 - 2)).
-31
Calculate -2955 + 3112 + (-131 - 0).
26
Calculate 5 - ((-256 - -263) + (-22 - -1) + 2).
17
Calculate 16 + 10 - (36 - (41 - 23)) - (0 + -99).
107
What is (-18 - 11) + -15 + 34 + -5 + 2 + -4?
-17
(-1325 - -1286 - (-41 - 0)) + -38
-36
What is the value of 0 + -50 + 61 + 32 + -72?
-29
What is -3 + -3 - (405 - 387)?
-24
What is -14885 + 14888 + -5 + -1?
-3
Evaluate -433 - -360 - (13 + -40).
-46
What is (23 - (-26 - -19)) + (-28 - -71)?
73
-26 + (-13 + 24 - 20)
-35
What is 3 + -2 + -57 + 60 + (9 - 49)?
-36
Evaluate (-22 - 2 - -19) + -22 + 30 + 0 + -40.
-37
What is -50 + (-42 - -9 - -113)?
30
Calculate (-166 - ((13 - 20) + (-2 - -10))) + 25.
-142
Evaluate (7 - -37) + 13 + -54.
3
Evaluate 4 + (-2 - 3) + 3 + 42 + -14.
30
(5 - (15 + -1 - (-20 + 16 - -2))) + 90
79
Calculate 4 + (74 - 98) - (-46 + 1).
25
Evaluate 1 - -6 - (-50 + 44) - (-134 + 138).
9
What is 12 + ((0 - -38) + -25 - (1 - -11))?
13
What is (2 - 24) + (14 - -5) + -14?
-17
Calculate (0 - 3) + -34 - (-1816 + 1813) - -3.
-31
4 + -3 + 3 + (-527 - -509)
-14
What is 628 - 622 - (0 + 1 + -16) - 15?
6
What is 43 - ((-48 - -13) + 76)?
2
Evaluate ((27 - 49) + 27 - (-3 - (-2 - 11))) + 19.
14
What is the value of 44 + -3 + 1 + 2 + 151 + -161?
34
What is the value of -6 - 0 - -1 - (62 - 134 - (-86 - -10))?
-9
What is the value of 21 - 8 - -43 - 67 - (1 - 0 - 91)?
79
-81 + 1 + (-33569 - -33644)
-5
Calculate (5 + 20 - (4 + (16 - 3))) + -90.
-82
What is 64 + -58 + -34 - -14?
-14
What is the value of -1 - 8 - (34 + -44) - (11 + 0)?
-10
((-1 - -3) + 40 - (23 + (-5 - 28))) + 4
56
Evaluate 44 + -48 + 49 - 4.
41
Calculate -91 + 22 + (-191 - -139).
-121
What is 16 - (35 - 29) - (-4 + 0 + 67)?
-53
Evaluate -21 + -2 - (-140 - (33 - 129)).
21
Evaluate 41 + (-9 - (52 - 15)).
-5
Calculate -5 - (22 - (43 + -39 - 27)).
-50
What is the value of 133 - (-23 - (3 + (1 - (36 + -19))))?
143
Evaluate -8 + 28 - (-25 + -11 + 37 + -10).
29
What is the value of -62 + 40 + (-6 - -13) + -9 + -4?
-28
What is the value of (-12342 - -12390) + (0 - (8 - 0))?
40
Calculate 41 - 54 - (-4 + 0 + 7) - 5.
-21
Evaluate -5 + 13 + -14 - (4 - (2 - 0 - -14)).
6
70 + (-18 - 91) - -6
-33
-85 + 16 + 76 - -9
16
Calculate -22 + 45 - -34 - 3.
54
What is (37 - (22 + 3 + -17)) + -10?
19
What is the value of 48 - (19 + 41) - -42?
30
Calculate (41 - 38) + -1 + -19 + 127 + -134.
-24
Calculate 10 + -7 + (-16 - (33 - 24) - (0 + 8)).
-30
8 + 2 + (-4 - (-14 - -11)) - (-8 + 6)
11
What is the value of 84 + -127 - -47 - (-12 - (1 + 1))?
18
Calculate -30 - (-33 - (-24 - -11) - 1).
-9
(-172 - -111) + 43 - (2 - (1 + 143))
124
Evaluate -1 - (-9 + (-1 + 21 - (-110 + 135))).
13
-9 + -18 + (47 - (-15 + (4 - -17)))
14
Calculate 1 - 105 - (185 + -192 + 1 + 2).
-100
Calculate 32 - ((10 - (15 + 3) - (0 - 14)) + -6).
32
Calculate -2 + 52 + (2032 - 2107).
-25
What is 15 - (-3 + -14 - ((0 - 12) + (49 - 42)))?
27
Evaluate -84 + 61 + -26 - (-4 + (5 - 4 - -13)).
-59
What is the value of 1 + 76 + (2 - 7 - (6 + -2)) + 0?
68
Evaluate 19 - (13 - -12) - (-4 + 3 - 11) - 48.
-42
What is 0 + -7 + 9 + 0 + 41 + (-103 - 36)?
-96
Evaluate (65 - 58) + (-55 - -4) + (5 - 0 - -1).
-38
Calculate (13 - 25) + (10 - 6 - -9).
1
Evaluate 6 + (-19 - -15) + (18 - (23 + -84)).
81
What is -4 + 44 + ((-59 - -68) + (-9 - 1) - 7)?
32
Calculate 72 + 6 + (-57 + 44 - (-4 + 9)) + 9.
69
What is -3 - (0 + (-3 + 5 - -4) + -4 - 45)?
40
5 + 93 + -34 + 47 - (-10 + (-1 - 2))
124
What is the value of -34 - (-70 + (-31 - -111))?
-44
What is the value of -104 + 193 + 75 + -79?
85
Evaluate (176 + -184 - (9 - -2)) + 13.
-6
(1 - -1 - (-360 - -379)) + -8
-25
Evaluate -56 - -112 - 18 - (6 - -20).
12
-9 + (-4 - -15) + (-14 - -1 - -2)
-9
What is -12 - ((-4 - -2) + -2) - (43 + -14 + -39)?
2
1486 - 1442 - (-1 - -16)
29
What is (-91 - -52) + 28 - 11?
-22
Calculate (-56 - 0) + (16 - 1 - (-103 - -128)).
-66
What is -3 + -13 - (-12 - (-6 - 24))?
-34
What is (-1654 - -1608) + (10 - (0 + 3))?
-39
Evaluate 61 - (96 - 43) - 76.
-68
Evaluate 36 + -12 + -62 + 7.
-31
Evaluate -21 + -68 - ((0 - 0 - (71 + -59)) + 15).
-92
0 - (3 - -3) - (246 - 254)
2
Calculate 125 + -27 + 18 + -1 + (8 - 8).
115
Calculate -52 + -36 + 115 + -74.
-47
Evaluate (-19 - -6 - -3) + -34 + 1 + (30 - 37).
-50
Calculate 32 + -29 + 103 + -61.
45
Calculate -15 - -12 - (-3 + (-36 - (-10 + 10))).
36
What is -54 - (-90 + 170 + -82)?
-52
(-89 - -97) + (-6 - -1) + 13 + -6
10
What is the value of -16 + 25 + (509 - 498) + (0 - 23)?
-3
Evaluate -14 + -4 + 24 + (8 - -10) - 20.
4
Calculate -66 - (20 - 85) - (1 + (-2 - 0 - 1)).
1
Evaluate 4 + 125 + (-26 - (-59 - -77)).
85
Evaluate (381 - 347) + -1 + -1 + 11 + 16.
59
77 + -65 + 76 + -36
52
What is 3 - -1 - 32 - (-20 + (11 - -4) + -6)?
-17
-2 + -79 - (-165 - -29)
55
What is the value of 27 + -35 + 1 + 9?
2
What is (2 + -6 - -5) + 61 + -61 + -32?
-31
Calculate -1 + -61 + 79 + -91 + -3.
-77
26 + 4 + (40 - (18 - -15))
37
Evaluate 68 - 9 - (0 + 2 - 5 - (-46 - -38)).
54
What is the value of 1 + -44 + (477 - 447) + (-53 - 0 - 2)?
-68
What is